{"id":231,"date":"2018-01-23T20:47:17","date_gmt":"2018-01-23T19:47:17","guid":{"rendered":"http:\/\/www.pavelpelikan.cz\/?page_id=231"},"modified":"2018-01-23T20:47:17","modified_gmt":"2018-01-23T19:47:17","slug":"profesni-koucink","status":"publish","type":"page","link":"https:\/\/www.pavelpelikan.cz\/index.php\/profesni-koucink\/","title":{"rendered":"Profesn\u00ed kou\u010dink"},"content":{"rendered":"<p>Pro profesn\u00ed kou\u010dink, t\u00e9\u017e mana\u017eersk\u00fd, firemn\u00ed, business apod., jsou typick\u00e1 pracovn\u00ed t\u00e9mata, \u010dasto tak\u00e9 t\u00edm, \u017ee podn\u011bt p\u0159ich\u00e1z\u00ed od firmy a kou\u010dink nab\u00edz\u00ed zam\u011bstnanc\u016fm (obchodn\u00edm partner\u016fm). Bu\u010f p\u0159\u00edmo \u0161\u00e9f zd\u00e1: &#8222;Sprav mi ho, pot\u0159ebuji aby zlep\u0161il \u2026\u00a0 Nebo p\u0159ich\u00e1z\u00ed zam\u011bstnanec se svou pot\u0159ebou: &#8222;\u0160\u00e9f po m\u011b chce, abych \u2026, pot\u0159ebuji zvl\u00e1dnout \u2026&#8220; V\u00fdhody profesn\u00edho kou\u010dinku vyu\u017e\u00edvaj\u00ed i majitel\u00e9 mal\u00fdch firem a OSV\u010c \u010dasto p\u0159i rozjezdu sv\u00e9ho podnik\u00e1n\u00ed, tvorb\u011b nebo zm\u011bn\u011b podnikatelsk\u00e9ho pl\u00e1nu a pod. Profesn\u00ed kou\u010dink vyu\u017eije i soukrom\u00e1 osoba, rozv\u00edjej\u00edc\u00ed sv\u00e9 dovednosti nebo pl\u00e1nuj\u00edc\u00ed zm\u011bnu zam\u011bstnaneck\u00fdch pom\u011br\u016f. Vzhledem k p\u011btilet\u00e9mu p\u016fsoben\u00ed ve v\u00fdzkumu, dvacetilet\u00fdm zku\u0161enostem v obchod\u011b a desetilet\u00fdm zku\u0161enostem v managementu a podnik\u00e1n\u00ed v oblasti IT mohu nab\u00eddnout \u0161irok\u00fd profesn\u00ed z\u00e1b\u011br.<\/p>\n","protected":false},"excerpt":{"rendered":"<p>Pro profesn\u00ed kou\u010dink, t\u00e9\u017e mana\u017eersk\u00fd, firemn\u00ed, business apod., jsou typick\u00e1 pracovn\u00ed t\u00e9mata, \u010dasto tak\u00e9 t\u00edm, \u017ee podn\u011bt p\u0159ich\u00e1z\u00ed od firmy a kou\u010dink nab\u00edz\u00ed zam\u011bstnanc\u016fm (obchodn\u00edm partner\u016fm). Bu\u010f p\u0159\u00edmo \u0161\u00e9f zd\u00e1: &#8222;Sprav mi ho, pot\u0159ebuji aby zlep\u0161il \u2026\u00a0 Nebo p\u0159ich\u00e1z\u00ed zam\u011bstnanec se svou pot\u0159ebou: &#8222;\u0160\u00e9f po m\u011b chce, abych \u2026, pot\u0159ebuji zvl\u00e1dnout \u2026&#8220; V\u00fdhody profesn\u00edho kou\u010dinku&hellip;<\/p>\n","protected":false},"author":1,"featured_media":0,"parent":0,"menu_order":0,"comment_status":"closed","ping_status":"closed","template":"","meta":[],"_links":{"self":[{"href":"https:\/\/www.pavelpelikan.cz\/index.php\/wp-json\/wp\/v2\/pages\/231"}],"collection":[{"href":"https:\/\/www.pavelpelikan.cz\/index.php\/wp-json\/wp\/v2\/pages"}],"about":[{"href":"https:\/\/www.pavelpelikan.cz\/index.php\/wp-json\/wp\/v2\/types\/page"}],"author":[{"embeddable":true,"href":"https:\/\/www.pavelpelikan.cz\/index.php\/wp-json\/wp\/v2\/users\/1"}],"replies":[{"embeddable":true,"href":"https:\/\/www.pavelpelikan.cz\/index.php\/wp-json\/wp\/v2\/comments?post=231"}],"version-history":[{"count":1,"href":"https:\/\/www.pavelpelikan.cz\/index.php\/wp-json\/wp\/v2\/pages\/231\/revisions"}],"predecessor-version":[{"id":232,"href":"https:\/\/www.pavelpelikan.cz\/index.php\/wp-json\/wp\/v2\/pages\/231\/revisions\/232"}],"wp:attachment":[{"href":"https:\/\/www.pavelpelikan.cz\/index.php\/wp-json\/wp\/v2\/media?parent=231"}],"curies":[{"name":"wp","href":"https:\/\/api.w.org\/{rel}","templated":true}]}}