{"id":129,"date":"2018-01-20T22:10:14","date_gmt":"2018-01-20T21:10:14","guid":{"rendered":"http:\/\/www.pavelpelikan.cz\/?page_id=129"},"modified":"2018-01-24T20:04:57","modified_gmt":"2018-01-24T19:04:57","slug":"koucink","status":"publish","type":"page","link":"https:\/\/www.pavelpelikan.cz\/index.php\/koucink\/","title":{"rendered":"Kou\u010dink"},"content":{"rendered":"<ul>\n<li><a href=\"http:\/\/www.pavelpelikan.cz\/index.php\/zivotni-koucink\/\">\u017divotn\u00ed kou\u010dink<\/a><\/li>\n<li><a href=\"http:\/\/www.pavelpelikan.cz\/index.php\/profesni-koucink\/\">Profesn\u00ed kou\u010dink<\/a><\/li>\n<li>Firemn\u00ed poradenstv\u00ed<\/li>\n<\/ul>\n","protected":false},"excerpt":{"rendered":"<p>\u017divotn\u00ed kou\u010dink Profesn\u00ed kou\u010dink Firemn\u00ed poradenstv\u00ed<\/p>\n","protected":false},"author":1,"featured_media":0,"parent":0,"menu_order":0,"comment_status":"closed","ping_status":"closed","template":"","meta":[],"_links":{"self":[{"href":"https:\/\/www.pavelpelikan.cz\/index.php\/wp-json\/wp\/v2\/pages\/129"}],"collection":[{"href":"https:\/\/www.pavelpelikan.cz\/index.php\/wp-json\/wp\/v2\/pages"}],"about":[{"href":"https:\/\/www.pavelpelikan.cz\/index.php\/wp-json\/wp\/v2\/types\/page"}],"author":[{"embeddable":true,"href":"https:\/\/www.pavelpelikan.cz\/index.php\/wp-json\/wp\/v2\/users\/1"}],"replies":[{"embeddable":true,"href":"https:\/\/www.pavelpelikan.cz\/index.php\/wp-json\/wp\/v2\/comments?post=129"}],"version-history":[{"count":3,"href":"https:\/\/www.pavelpelikan.cz\/index.php\/wp-json\/wp\/v2\/pages\/129\/revisions"}],"predecessor-version":[{"id":250,"href":"https:\/\/www.pavelpelikan.cz\/index.php\/wp-json\/wp\/v2\/pages\/129\/revisions\/250"}],"wp:attachment":[{"href":"https:\/\/www.pavelpelikan.cz\/index.php\/wp-json\/wp\/v2\/media?parent=129"}],"curies":[{"name":"wp","href":"https:\/\/api.w.org\/{rel}","templated":true}]}}